ommon factor of m and 99.
11
Suppose -b - 2 + 4 = 0. Suppose 26 = 5*f - j, -7*f + 4*f + 10 = -b*j. Let q(c) = 8*c + 194. Let h be q(-22). What is the greatest common divisor of f and h?
6
Suppose 28*i - 18 = 26*i. Let g = 111 + -39. Calculate the highest common factor of i and g.
9
Let v = 10 - 6. Suppose -x + v = x. Suppose x*f - 2*i + 8 = 2*i, 3 = -2*f + 3*i. Calculate the greatest common factor of f and 66.
6
Let l be -5 + -4 + 2 + 2. Let g(h) = h**2 + 4*h - 2. Let m be g(l). Let c be 4/6*m + 28. What is the highest common factor of c and 20?
10
Suppose 0*g = 5*g - 25. Let l(m) = 7*m - g*m + 1 + 4*m**2 - 4*m. Let j be l(2). Calculate the highest common divisor of j and 143.
13
Suppose 147 = -m + 8*m. What is the greatest common factor of m and 21?
21
Let l(o) = -o**3 + 10*o**2 - o + 14. Let g be l(10). Suppose -3*f + f = -g. Suppose 0 = f*j - 38 - 6. Calculate the greatest common divisor of j and 242.
22
Suppose -a = -3*a + s + 64, -a + s + 32 = 0. Calculate the highest common factor of 4 and a.
4
Let m = 15 - -5. Calculate the greatest common factor of m and 10.
10
Let m = 6 + 0. Suppose 0 = -u + 2 + m. Let a = -5 + 37. Calculate the highest common factor of a and u.
8
Let t = 210 - 135. Let y = -48 + t. What is the greatest common factor of y and 9?
9
Let w be -1 + 145 + 6 + -5. Let b = -65 + w. Calculate the greatest common factor of 32 and b.
16
Suppose 2*d - 3 = -5*k, -2*k = -0*k - 4*d - 6. Suppose -52 = -z - 3*t, z - t - 27 - 29 = 0. Let s = z + k. What is the greatest common factor of 7 and s?
7
Suppose -14*x + 1275 = 3*x. Calculate the highest common factor of 45 and x.
15
Suppose 0 = 3*t + 20 - 38. Suppose -w - 46 = -2*x, 2*x + t*w = 4*w + 52. Calculate the highest common factor of 60 and x.
12
Let a = -8 + 71. What is the greatest common divisor of a and 7?
7
Suppose 2*m = -2*m + 60. Calculate the greatest common divisor of m and 10.
5
Let o be (-13)/(-2) - (-2)/(-4). Let y(p) = p + 1. Let c be y(1). Let m be 190/4 - c/(-4). Calculate the greatest common factor of o and m.
6
Let w = 9 + -5. Let z(t) = -5*t + 0*t**2 + 10*t - t**2. Let u be z(w). Calculate the highest common factor of u and 1.
1
Let l = 46 - 45. Calculate the highest common factor of 4 and l.
1
Let g be 0*(6/(-3) + 3). Suppose -3*b + 69 = 3*r, g = 2*b - 5*r + 3*r - 62. What is the greatest common divisor of 18 and b?
9
Let k be ((-33)/4)/((-30)/80). Suppose -5*h + 5*z + 39 = -2*h, -2*h + k = -2*z. What is the greatest common divisor of 16 and h?
8
Let m be -1*52/(-8)*2. Let w = 37 - m. What is the highest common divisor of 60 and w?
12
Let b(y) = 4*y + 15. Let f be b(5). Calculate the greatest common factor of f and 14.
7
Suppose l - 18 = -0*r - 5*r, -6 = -4*r + 2*l. Suppose -2*v = r*v - 70. Calculate the highest common divisor of 28 and v.
14
Suppose -30 = 5*o - 80. Let j be (-8 - -34) + (-3)/3. Calculate the greatest common divisor of o and j.
5
Let b(a) = -a + 5 + 0*a + a**2 + a. Let f be b(-5). Let m = 0 + f. What is the greatest common divisor of m and 10?
10
Let y(d) = 2*d**3 - 2*d**2 - d. Let m be y(2). Suppose 4*h = 125 + 71. Let n = 73 - h. Calculate the highest common factor of n and m.
6
Let w = 10 - 7. Suppose 8 = y + 1. Let t = y - w. What is the highest common factor of 1 and t?
1
Let w(y) = 3*y - 6. Let r be w(5). Suppose 3*f = 4*o + 115, 0 = -o - 0 + 5. Calculate the highest common divisor of f and r.
9
Let p(w) = -w**3 - 18*w**2 - 4*w - 20. Let c be p(-18). Calculate the highest common factor of 468 and c.
52
Let f be (75/10)/((-4)/(-40)). What is the highest common factor of f and 25?
25
Suppose 3*x + 2*g = -2*x + 111, 0 = -x - 5*g + 13. Let m = -13 + x. Calculate the greatest common factor of 90 and m.
10
Suppose -3*c + 5*v = -5 - 4, -3 = -c - 5*v. Let j be (9/(-15))/((-2)/10). Suppose w - j = -1. Calculate the highest common divisor of w and c.
1
Let i(r) = 2*r + 12. Let b be i(-5). What is the highest common factor of b and 2?
2
Let q(m) = 6*m - 2. Let v(o) = -o + 1. Let k(y) = -q(y) - 3*v(y). Let c be k(-5). Calculate the greatest common factor of c and 2.
2
Let f be -2 - -1 - (-26)/1. Calculate the highest common divisor of 10 and f.
5
Suppose 0*d - 7 = -d - 3*m, 5*m + 31 = d. Let j be d/3 - (-3)/(-9). Let u be 1/(j/12)*5. What is the highest common divisor of u and 12?
12
Let x = -40 - -51. Let s = 2149 - 1273. Let j be s/10 - 6/(-15). Calculate the greatest common factor of x and j.
11
Let l = 1 + 32. Calculate the greatest common divisor of 3 and l.
3
Let v(z) = -z**3 + 4*z**2 + 2*z - 2. Let i be v(2). Suppose i = -p + 2*p. Let c = -15 - -25. Calculate the highest common divisor of p and c.
10
Let a be 505/13 - ((-6)/39 + 0). What is the greatest common divisor of 78 and a?
39
Suppose 9*u - 137 - 295 = 0. What is the greatest common factor of 60 and u?
12
Let c(x) = 2*x**2 + 3*x + 7. Let l be c(-3). Suppose 3*s - 99 = 21. Calculate the greatest common divisor of s and l.
8
Let s(c) = -c**3 - 4*c**2 - 5. Suppose 25 = -0*t - 5*t. Let y be s(t). Let m(h) = h - 1. Let d be m(5). What is the greatest common factor of y and d?
4
Suppose -p + 3*p = 6. Suppose -3*m + k + 76 = 0, k + p + 1 = 0. Calculate the highest common factor of m and 60.
12
Suppose -3*w + 27 = -0*w - g, 0 = 2*w - g - 19. What is the highest common factor of w and 40?
8
Let i be 4/(24/(-141))*-2. Suppose 2*j - 287 = -i. Calculate the highest common divisor of j and 15.
15
Suppose 0*u - 2*a - 15 = u, 3*a = 5*u + 23. Let h(l) = -l**2 - 6*l + 9. Let z be h(u). Let v be 1/(z/(22/1)). Calculate the greatest common factor of 22 and v.
11
Let i be 0/((1/1)/(-1)). Suppose i*l - 4*l + 44 = 0. Calculate the greatest common factor of l and 99.
11
Let z(x) = -x - 20. Let d be z(-14). Let h be (-58)/d + (-1)/(-3). Calculate the greatest common factor of h and 5.
5
Let g = -20 + 17. Suppose -h - 3 = -2*h. Let f be 10 + g/h*2. Calculate the greatest common divisor of 40 and f.
8
Suppose -2*b - 2*f + 3 = 3*f, -3*b = -4*f - 39. Calculate the highest common factor of b and 153.
9
Let w be (23/2 + 1)/(24/144). What is the highest common divisor of 30 and w?
15
Let o be -1 + 0 - 0 - -5. Suppose 2*l = -0*w - w + 27, o*w = 3*l + 119. Calculate the highest common divisor of 232 and w.
29
Let l be 4*(3/(-6) - -1). Suppose -3*p - 2*c = -98, -l*p + 8*c - 5*c + 61 = 0. Calculate the highest common factor of 4 and p.
4
Let n(m) = -m**3 - 12*m**2 + 9*m - 25. Let x be n(-13). Calculate the greatest common factor of 9 and x.
9
Suppose -625 = 4*l - 9*l. Calculate the highest common divisor of 25 and l.
25
Let r(m) = -m**3 - m**2 + 2*m + 1. Let h be r(-2). Let l = 8 - 7. What is the greatest common divisor of h and l?
1
Suppose -453 = -20*u - 93. Calculate the greatest common factor of u and 72.
18
Let d = -6 - -7. Let v = 50 + d. What is the greatest common divisor of v and 34?
17
Suppose 2*f - 18 = 3*f. Let t = -11 - f. What is the highest common factor of 77 and t?
7
Suppose 7*s = 8*s - 3. What is the highest common factor of 3 and s?
3
Let f(b) = 5*b - 36. Let x be f(14). Calculate the highest common divisor of x and 153.
17
Suppose 0 = 5*i - 9*i. Suppose i = -6*y + 16 + 8. What is the highest common divisor of y and 4?
4
Suppose 0 = -5*g + 36 + 44. Let b = g + 29. Calculate the highest common factor of b and 18.
9
Let w be (-2)/7 + 51/7. Let i(s) = -s**2 + 12*s + 20. Let p be i(13). Calculate the greatest common divisor of p and w.
7
Let q = 256 + -112. What is the highest common factor of q and 18?
18
Let w = 692 + -467. What is the greatest common factor of 25 and w?
25
Suppose 10 = -3*f + 4*f. Let i(v) = -7*v**3 + 2*v - 2. Let k be i(3). Let z = -95 - k. What is the greatest common factor of z and f?
10
Suppose 12*l = 75 + 141. Calculate the greatest common factor of l and 72.
18
Let x be (-55)/5*(-2 - -1). What is the greatest common factor of x and 22?
11
Suppose 13*v - 3*v - 120 = 0. What is the greatest common divisor of v and 204?
12
Let i be (-1)/((-2)/24) + -1. Let y(m) = -m**2 + 11*m + 5. Let h be y(i). Let q = 31 + -6. Calculate the greatest common factor of q and h.
5
Let l(s) = s**3 - 5*s**2 - 10*s + 5. Let z be l(7). Suppose 2*m + 17 = 3*r, -6*m + 4*m = -r + 11. What is the highest common divisor of r and z?
3
Let g = 80 - 53. Calculate the highest common divisor of g and 27.
27
Suppose